{"id":2,"date":"2019-01-30T11:50:34","date_gmt":"2019-01-30T11:50:34","guid":{"rendered":"http:\/\/www.valonsaraste.fi\/?page_id=2"},"modified":"2026-02-02T09:51:45","modified_gmt":"2026-02-02T09:51:45","slug":"about","status":"publish","type":"page","link":"https:\/\/www.valonsaraste.fi\/","title":{"rendered":"Etusivu"},"content":{"rendered":"<div class=\"wp-block-image\">\n<figure class=\"aligncenter size-large is-resized\"><a href=\"https:\/\/www.valonsaraste.fi\/wp-content\/uploads\/2023\/06\/IMG_20230620_115912-scaled.jpg\"><img loading=\"lazy\" decoding=\"async\" width=\"522\" height=\"1024\" src=\"https:\/\/www.valonsaraste.fi\/wp-content\/uploads\/2023\/06\/IMG_20230620_115912-522x1024.jpg\" alt=\"\" class=\"wp-image-132\" style=\"width:261px;height:512px\" srcset=\"https:\/\/www.valonsaraste.fi\/wp-content\/uploads\/2023\/06\/IMG_20230620_115912-522x1024.jpg 522w, https:\/\/www.valonsaraste.fi\/wp-content\/uploads\/2023\/06\/IMG_20230620_115912-153x300.jpg 153w, https:\/\/www.valonsaraste.fi\/wp-content\/uploads\/2023\/06\/IMG_20230620_115912-768x1505.jpg 768w, https:\/\/www.valonsaraste.fi\/wp-content\/uploads\/2023\/06\/IMG_20230620_115912-784x1536.jpg 784w, https:\/\/www.valonsaraste.fi\/wp-content\/uploads\/2023\/06\/IMG_20230620_115912-1045x2048.jpg 1045w, https:\/\/www.valonsaraste.fi\/wp-content\/uploads\/2023\/06\/IMG_20230620_115912-scaled.jpg 1306w\" sizes=\"auto, (max-width: 522px) 100vw, 522px\" \/><\/a><\/figure>\n<\/div>\n\n\n<p><\/p>\n\n\n\n<p class=\"has-text-align-center\">LYHYTTERAPIA &#8211; PARITERAPIA &#8211; SEKSUAALITERAPIA &#8211; KEHOTERAPIA<\/p>\n\n\n\n<p class=\"has-text-align-center\">Olen Fanny Saraste, 46 -vuotias nainen, vaimo, \u00e4iti kolmelle lapselle, yst\u00e4v\u00e4 ja rinnalla kulkija.<\/p>\n\n\n\n<p class=\"has-text-align-center\">Ratkaisukeskeinen lyhytterapeutti, seksuaaliterapeutti, -neuvoja, koulutettu hieroja (Valviran hyv\u00e4ksym\u00e4 terveydenhuollon ammattihenkil\u00f6), kehoterapian ammattilainen, tantric life coach sek\u00e4 energiahoitaja. Mielenterveys- ja p\u00e4ihdety\u00f6n ammattitutkinnosta olen suorittanyt yhden tutkinnonosan.<\/p>\n\n\n\n<p class=\"has-text-align-center\">N\u00e4en ihmisen kokonaisuutena ja minulle on t\u00e4rke\u00e4\u00e4 k\u00e4ytt\u00e4\u00e4 koko ammattitaitoani terapia- ja hoitotilanteissa.<\/p>\n\n\n\n<p class=\"has-text-align-center\">Tunteiden, kehon ja energian kanssa ty\u00f6skentely, meditaatio ja terapia koulutukset ovat auttaneet minua hyv\u00e4ksym\u00e4\u00e4n syvemmin el\u00e4m\u00e4n sellaisena kun se tulee, vapauttamaan kehoa ja mielt\u00e4, antanut enemm\u00e4n rohkeutta kulkea omaa polkua syd\u00e4nt\u00e4 kuunnellen ja nauttimaan kokonaisvaltaisemmin el\u00e4m\u00e4n kirjosta sek\u00e4 auttaneet minua jaksamisessa, selviytymisess\u00e4 ja toipumisessa. <\/p>\n\n\n\n<p class=\"has-text-align-center\">Ty\u00f6otteeni on traumasensitiivinen sek\u00e4 voimavara keskeinen. Ennen kaikkea toivon olevani turvallinen rinnalla kulkija aikuisille, nuorille, perheille ja paris- ja moniskunnille.<\/p>\n\n\n\n<p class=\"has-text-align-center\"><\/p>\n\n\n\n<p class=\"has-text-align-center\">Vastaanotto Loviisassa ja maanantaisin Helsingiss\u00e4.<\/p>\n\n\n\n<p class=\"has-text-align-center\">Ajanvaraus ja lis\u00e4tietoja s\u00e4hk\u00f6postitse, fanny \u00e4t valonsaraste.fi!<\/p>\n\n\n","protected":false},"excerpt":{"rendered":"<p>LYHYTTERAPIA &#8211; PARITERAPIA &#8211; SEKSUAALITERAPIA &#8211; KEHOTERAPIA Olen Fanny Saraste, 46 -vuotias nainen, vaimo, \u00e4iti kolmelle lapselle, yst\u00e4v\u00e4 ja rinnalla kulkija. Ratkaisukeskeinen lyhytterapeutti, seksuaaliterapeutti, -neuvoja, koulutettu hieroja (Valviran hyv\u00e4ksym\u00e4 terveydenhuollon ammattihenkil\u00f6), kehoterapian ammattilainen, tantric life coach sek\u00e4 energiahoitaja. Mielenterveys- ja p\u00e4ihdety\u00f6n ammattitutkinnosta olen suorittanyt yhden tutkinnonosan. N\u00e4en ihmisen kokonaisuutena ja minulle on t\u00e4rke\u00e4\u00e4 k\u00e4ytt\u00e4\u00e4 koko&hellip; <a href=\"https:\/\/www.valonsaraste.fi\/\" class=\"more-link\">Jatka lukemista <span class=\"screen-reader-text\">Etusivu<\/span><\/a><\/p>\n","protected":false},"author":1,"featured_media":0,"parent":0,"menu_order":0,"comment_status":"closed","ping_status":"open","template":"","meta":{"footnotes":""},"tags":[],"class_list":["post-2","page","type-page","status-publish","hentry","without-featured-image"],"jetpack_sharing_enabled":true,"_links":{"self":[{"href":"https:\/\/www.valonsaraste.fi\/index.php?rest_route=\/wp\/v2\/pages\/2","targetHints":{"allow":["GET"]}}],"collection":[{"href":"https:\/\/www.valonsaraste.fi\/index.php?rest_route=\/wp\/v2\/pages"}],"about":[{"href":"https:\/\/www.valonsaraste.fi\/index.php?rest_route=\/wp\/v2\/types\/page"}],"author":[{"embeddable":true,"href":"https:\/\/www.valonsaraste.fi\/index.php?rest_route=\/wp\/v2\/users\/1"}],"replies":[{"embeddable":true,"href":"https:\/\/www.valonsaraste.fi\/index.php?rest_route=%2Fwp%2Fv2%2Fcomments&post=2"}],"version-history":[{"count":32,"href":"https:\/\/www.valonsaraste.fi\/index.php?rest_route=\/wp\/v2\/pages\/2\/revisions"}],"predecessor-version":[{"id":181,"href":"https:\/\/www.valonsaraste.fi\/index.php?rest_route=\/wp\/v2\/pages\/2\/revisions\/181"}],"wp:attachment":[{"href":"https:\/\/www.valonsaraste.fi\/index.php?rest_route=%2Fwp%2Fv2%2Fmedia&parent=2"}],"wp:term":[{"taxonomy":"post_tag","embeddable":true,"href":"https:\/\/www.valonsaraste.fi\/index.php?rest_route=%2Fwp%2Fv2%2Ftags&post=2"}],"curies":[{"name":"wp","href":"https:\/\/api.w.org\/{rel}","templated":true}]}}